298
-1111010011 (base 2) to base 14
-4dd
52 (base 6) to base 11
2a
What is -112134 (base 5) in base 2?
-111111001100
-5ac5 (base 15) to base 3
-222111012
Convert -4954 (base 11) to base 10.
-6472
Convert 111011101101 (base 2) to base 4.
323231
What is -769 (base 11) in base 9?
-1234
What is b7 (base 15) in base 11?
147
Convert 1103 (base 7) to base 10.
395
Convert 10200321 (base 4) to base 12.
a849
What is 10111010001000 (base 2) in base 11?
8a4a
Convert 730 (base 15) to base 14.
83a
Convert 688 (base 11) to base 7.
2253
3103 (base 4) to base 9
254
c506 (base 14) to base 9
51462
Convert 1143 (base 6) to base 11.
234
1002011221 (base 3) to base 7
116011
a047 (base 11) to base 4
3100301
What is -cb1 (base 14) in base 9?
-3385
-102100 (base 3) to base 9
-370
What is 4b (base 16) in base 2?
1001011
Convert 113221 (base 4) to base 9.
2061
Convert -3106 (base 9) to base 7.
-6426
-23b46 (base 12) to base 14
-13858
13013 (base 6) to base 11
1516
What is -100000010110 (base 2) in base 4?
-200112
Convert -605 (base 9) to base 12.
-34b
What is 2434 (base 5) in base 11?
306
-100220112 (base 3) to base 12
-421b
6231 (base 11) to base 6
102130
1643 (base 16) to base 3
21211002
Convert 91d (base 14) to base 4.
123333
Convert -20180 (base 9) to base 13.
-6072
Convert -2032 (base 8) to base 4.
-100122
What is -eb9 (base 15) in base 14?
-12d6
-53265 (base 8) to base 16
-56b5
Convert 101001000110100 (base 2) to base 15.
637e
Convert -2773 (base 15) to base 9.
-12510
What is -949a (base 13) in base 16?
-5060
Convert 2940 (base 15) to base 16.
2283
What is 3735 (base 8) in base 14?
a3b
Convert 116 (base 7) to base 4.
332
-5553 (base 8) to base 9
-4007
Convert -8486 (base 9) to base 8.
-14132
-215 (base 12) to base 11
-258
Convert -124344 (base 6) to base 5.
-330433
What is -1483 (base 12) in base 11?
-1895
What is -b14 (base 15) in base 5?
-34434
69ca (base 16) to base 5
1331312
What is 300121 (base 4) in base 7?
12013
Convert -1206 (base 8) to base 7.
-1612
What is 718 (base 10) in base 15?
32d
What is 1001010000000 (base 2) in base 12?
28a8
What is 111002 (base 3) in base 6?
1345
Convert bc6b (base 15) to base 14.
1079c
Convert 43e9 (base 16) to base 2.
100001111101001
-101100001 (base 2) to base 5
-2403
-231331 (base 5) to base 7
-33214
What is -15140 (base 6) in base 10?
-2436
What is 1010000 (base 4) in base 2?
1000100000000
Convert 1110100011 (base 2) to base 14.
4a7
What is 1002221 (base 3) in base 2?
1100101000
Convert 250 (base 13) to base 16.
193
What is 2341 (base 14) in base 7?
23611
Convert 1555 (base 14) to base 12.
2247
-437 (base 12) to base 7
-1543
What is -123613 (base 7) in base 8?
-54636
-826 (base 12) to base 6
-5250
Convert 4e7 (base 16) to base 5.
20010
Convert b6 (base 16) to base 10.
182
Convert 1402 (base 6) to base 2.
101101010
What is -3c7b (base 13) in base 9?
-12860
Convert 54055 (base 7) to base 13.
6151
43455 (base 6) to base 11
4575
17014 (base 8) to base 15
242c
What is 100110111100000 (base 2) in base 7?
112060
What is -4043104 (base 5) in base 13?
-23a01
Convert 11215 (base 7) to base 14.
107c
What is b83 (base 15) in base 14?
d38
Convert -3cd3 (base 16) to base 9.
-23321
3a0 (base 14) to base 8
1330
What is 98c (base 16) in base 7?
10061
What is -647 (base 15) in base 14?
-733
Convert 1011111010100 (base 2) to base 8.
13724
251 (base 15) to base 4
20032
What is -101000111001010 (base 2) in base 14?
-78b8
114400 (base 8) to base 4
21210000
What is 1312 (base 9) in base 2?
1111010111
Convert -13371 (base 8) to base 11.
-4467
316 (base 15) to base 16
2b8
1de3 (base 15) to base 5
202023
What is -170 (base 16) in base 3?
-111122
Convert 46c3 (base 16) to base 15.
557a
Convert 50144 (base 6) to base 14.
2556
32809 (base 12) to base 6
1233213
1041 (base 11) to base 15
61b
What is 300300 (base 4) in base 3?
11021120
248 (base 13) to base 2
110001110
What is -1201 (base 8) in base 6?
-2545
-481 (base 13) to base 11
-650
Convert -10112011 (base 3) to base 8.
-5011
Convert 1132313 (base 4) to base 6.
44035
-8b0 (base 13) to base 12
-a47
Convert -1666 (base 7) to base 3.
-221101
What is 310322 (base 4) in base 12?
1b62
What is 1210 (base 3) in base 5?
143
Convert -1152b (base 13) to base 12.
-16388
What is 110110110 (base 2) in base 7?
1164
102222 (base 3) to base 9
388
Convert -246 (base 14) to base 8.
-706
3625 (base 11) to base 12
28b6
What is 49a (base 16) in base 3?
1121122
Convert -6528 (base 10) to base 5.
-202103
What is 13321210 (base 4) in base 6?
405444
178 (base 14) to base 7
611
3331 (base 6) to base 12
547
Convert 48a (base 16) to base 5.
14122
What is 12666 (base 7) in base 5?
102204
-36 (base 15) to base 16
-33
What is -452 (base 12) in base 14?
-338
-155651 (base 8) to base 14
-166c9
What is -1411 (base 13) in base 10?
-2887
What is -1123003 (base 4) in base 6?
-42551
Convert -70557 (base 8) to base 16.
-716f
What is -8a0d (base 16) in base 6?
-431341
Convert 1876 (base 9) to base 11.
10a5
What is -624 (base 14) in base 5?
-14313
Convert -1454 (base 7) to base 5.
-4303
What is 10365 (base 8) in base 2?
1000011110101
Convert 110 (base 4) to base 3.
202
What is 31001 (base 4) in base 14?
437
-a893 (base 13) to base 14
-8786
8802 (base 11) to base 15
3698
What is 124 (base 11) in base 8?
223
What is -2701 (base 8) in base 3?
-2000120
Convert 12b0 (base 12) to base 4.
201210
Convert 1c4 (base 13) to base 12.
235
3413 (base 7) to base 13
740
-17 (base 9) to base 2
-10000
What is -12aa (base 13) in base 5?
-41200
-11254 (base 6) to base 16
-652
What is 637 (base 13) in base 7?
3043
-6b8 (base 13) to base 4
-102031
What is 1346 (base 11) in base 3?
2101121
Convert -2315 (base 7) to base 8.
-1515
-1607 (base 9) to base 8
-2306
-35494 (base 10) to base 15
-a7b4
What is 1333 (base 6) in base 8?
531
-1460 (base 8) to base 11
-682
What is -14ac (base 15) in base 10?
-4437
Convert 14125 (base 10) to base 15.
42ba
Convert 50d4 (base 14) to base 10.
13906
What is 2c5 (base 16) in base 4?
23011
100111010 (base 2) to base 8
472
What is -106 (base 12) in base 6?
-410
-1245 (base 15) to base 9
-5302
Convert -31 (base 5) to base 14.
-12
-3946 (base 10) to base 15
-1281
-391 (base 12) to base 5
-4131
Convert -4a0 (base 13) to base 6.
-3422
7aab (base 15) to base 13
bb0a
Convert 1111011010001110 (base 2) to base 4.
33122032
Convert -20548 (base 11) to base 9.
-45055
Convert 87b5 (base 12) to base 13.
6a76
Convert -55146 (base 9) to base 15.
-ac83
Convert -330 (base 16) to base 10.
-816
Convert -2110023 (base 4) to base 16.
-250b
What is -71d8 (base 14) in base 16?
-4c8a
4141 (base 7) to base 2
10110101010
What is -962d (base 16) in base 13?
-14664
What is -10131 (base 5) in base 6?
-3030
204235 (base 7) to base 5
2110420
Convert -2bed (base 16) to base 15.
-34ea
What is -44301 (base 5) in base 10?
-3076
Convert 1111110011 (base 2) to base 15.
476
What is 1100101000 (base 2) in base 13?
4a2
Convert -103 (base 7) to base 2.
-110100
Convert -3ac (base 14) to base 7.
-2105
12008 (base 14) to base 7
242011
What is -1011011110 (base 2) in base 8?
-1336
211130 (base 4) to base 11
1889
3144 (base 8) to base 6
11324
What is 1569 (base 12) in base 8?
4741
2c8 (base 14) to base 13
349
-1120122 (base 3) to base 8
-2177
Convert 3270 (base 10) to base 15.
e80
10210 (base 4) to base 9
354
Convert -10323231 (base 4) to base 14.
-7513
Convert 221 (base 16) to base 15.
265
-3443 (base 5) to base 13
-2c4
1134 (base 14) to base 5
43421
What is 180b (base 14) in base 15?
1433
Convert 2234 (base 6) to base 8.
1016
What is c4 (base 14) in base 4?
2230
Convert 10a (base 16) to base 13.
176
-104533 (base 7) to base 11
-12951
10c1 (base 14) to base 16
b61
-13213 (base 6) to base 11
-1581
Convert 6430 (base 11) to base 12.
4b07
1200 (base 4) to base 5
341
-14611 (base 7) to base 6
-30511
11402 (base 7) to base 16
b7e
What is 29489 (base 10) in base 8?
71461
What is 64272 (base 10) in base 6?
1213320
Convert 31102330 (base 4) to base 14.
15bc0
What is 3344 (base 7) in base 13?
71c
Convert 9824 (base 11) to base 15.
3c9d
Convert 1ab (base 15) to base 8.
602
Convert -4e95 (base 16) to base 5.
-1120432
-9592 (base 10) to base 7
-36652
-16d2 (base 16) to base 5
-141332
What is -201122121 (base 3) in base 5?
-424301
Convert -317 (base 8) to base 13.
-12c
-4619 (base 15) t